
2, 3
Suppose -4*y + 0*y - 8 = 3*s, 3*s + 4 = -2*y. Suppose s = 4*t - 1 - 15. What are the prime factors of ((-11)/t)/(1/(-4))?
11
Suppose -467 = 5*i + 2563. What are the prime factors of i/(-30) - 2/10?
2, 5
Let m be (-8 - -4) + -9 + 1. Suppose -12 = -4*b, 3*t + 21 + 33 = -b. Let s = m - t. What are the prime factors of s?
7
Let v = 3 - -5. List the prime factors of ((-18)/v)/(6/(-16)).
2, 3
Let o(a) = -a**2 + 6*a - 3. Let u = -6 - -12. Let d be o(u). List the prime factors of 2/3 - 10/d.
2
Suppose 2*k - f = 216, -5*f = k - 108 - 11. What are the prime factors of k?
109
Let c(n) = -5*n - 1. Let i be c(-3). Let u(o) = -o - 3. Let x be u(3). Let m = i + x. List the prime factors of m.
2
Suppose z + 41 = 5*i, -6*z - 132 = -2*z - 4*i. Let s = 46 + z. What are the prime factors of s?
3, 5
Suppose 45 = -3*t + 4*t. What are the prime factors of t?
3, 5
Let g be (2 - 10/4)*0. Let k(t) = -t + 17. What are the prime factors of k(g)?
17
Suppose 0 = -i + 4*i + 2*m - 106, -2*i + 76 = -4*m. List the prime factors of i.
2, 3
Let d(o) be the third derivative of -o**5/60 - 13*o**4/24 - 3*o**3/2 + 4*o**2. List the prime factors of d(-7).
3, 11
Let w(k) = -9*k - 26. Let g be w(-6). Let y = -13 - 2. Let s = g + y. List the prime factors of s.
13
Let y(t) = -5*t. Let p be y(-1). Suppose -p*s + 4*x - 144 + 23 = 0, -3*s + 5*x - 70 = 0. Let q = -18 - s. What are the prime factors of q?
7
Let r = 1 - -2. Suppose -r*c + 7 + 2 = 0. What are the prime factors of c?
3
Let k = -13 + 11. What are the prime factors of (-1)/k + (-50)/(-4)?
13
Suppose y + 301 = 3*i, 507 = 2*i + 3*i + y. List the prime factors of i.
101
Let s(p) be the third derivative of -p**4/8 - 7*p**3/6 - 2*p**2. Let m = -6 + 1. List the prime factors of s(m).
2
Suppose -77 + 775 = 2*p. List the prime factors of p.
349
Let q = 18 + -14. Suppose 0 = t, 3*t + 60 = q*y + 4*t. List the prime factors of y.
3, 5
Suppose 3*z + 3 = 4*z. Suppose -w - 4*w - z*j = 87, -2*j = 2*w + 38. What are the prime factors of (8/3)/((-5)/w)?
2
Suppose 0 = 5*h - 252 + 52. What are the prime factors of h?
2, 5
Suppose q = 4*q - 3*m - 189, 5*q = -5*m + 295. List the prime factors of q.
61
Let t = -8 + 8. Suppose 4*z + 3*r - 2 = t, 4 = -2*z - 3*r + 2. What are the prime factors of z?
2
Suppose 0 = -2*o - 0*o. Suppose 2*w - 7 - 13 = o. List the prime factors of w.
2, 5
Suppose -10*p = 2*p - 1488. What are the prime factors of p?
2, 31
Let k be (-6)/14 - 888/(-14). Suppose 0 = -2*g + 5*g - k. List the prime factors of g.
3, 7
Suppose 0 = m + 2*n - 57, 3*m + 0*n + n - 161 = 0. What are the prime factors of m?
53
Let z(p) = 4*p - 1. Let o be z(1). What are the prime factors of o - ((-2 - 15) + -1)?
3, 7
Let w = -17 - -20. Suppose -3*j - 108 = -3*x, -w*x - j = -0*x - 116. What are the prime factors of x?
2, 19
Let d be 2/(-2)*-2*4. Let i(h) = 2*h - 4. Let u be i(d). What are the prime factors of u/9*3/2?
2
Let x(s) = -s**3 - 5*s**2 + 2*s + 1 + 2*s**3 - s. Suppose 8*t - 5*t = 15. What are the prime factors of x(t)?
2, 3
Let p = -22 + 14. Let k = p + 13. Let s = k - 2. List the prime factors of s.
3
Suppose 0 = 2*o - 7 + 1. Suppose o*x - 2*x = 2. Suppose -x*a + 7 = -3. List the prime factors of a.
5
Let d = 7 - 10. What are the prime factors of (444/18)/((-2)/d)?
37
Let i = -247 + 526. List the prime factors of i.
3, 31
Let t = 11 - -59. List the prime factors of t.
2, 5, 7
What are the prime factors of 468/10 + 5/25?
47
Suppose -4*a + 109 - 9 = 0. Suppose 3*h - a = -2*h. What are the prime factors of h?
5
Let z = -37 + 53. What are the prime factors of z?
2
Let o = 72 + -38. List the prime factors of o.
2, 17
Let p(s) = 3*s**2 - s - 1. Suppose 4*n - 2*n - 4 = 0. What are the prime factors of p(n)?
3
Suppose 4*l + 0*g - g - 57 = 0, 0 = -3*l - 2*g + 51. Let n = l - -15. What are the prime factors of n?
2, 3, 5
Suppose 3*t + 4*q = 100, -2*q - q - 6 = 0. List the prime factors of t.
2, 3
Let f be 3*(-4)/6 - -7. Let h = 0 + f. What are the prime factors of h?
5
Let l = -13 - -29. What are the prime factors of l?
2
List the prime factors of (-1)/7 + 324/14.
23
List the prime factors of -2 - 2 - (-130 - -2).
2, 31
Suppose 4*f + 4*n = f + 49, n = 5*f - 120. Let w = f - -1. What are the prime factors of w?
2, 3
List the prime factors of (105/6)/7*2.
5
Suppose 0 = -0*y + 4*y + 320. Let l = y - -116. Suppose 0 = -5*p + 2*p + l. What are the prime factors of p?
2, 3
Let s be (-816)/32*(-2)/3. Let j = s - 5. What are the prime factors of j?
2, 3
Suppose -4*g + 93 = -7. Suppose 5*s - g = -2*c, 3*c - 6 = 2*s + 3. Suppose -38 = -c*z - 4*l, z + 2*l = l + 8. What are the prime factors of z?
2, 3
Let s(i) be the third derivative of i**6/120 + i**5/6 - 13*i**4/24 - 11*i**3/6 + 6*i**2. List the prime factors of s(-11).
11
Let s = 58 + -31. What are the prime factors of s?
3
Suppose -163*p - 305 = -168*p. What are the prime factors of p?
61
Suppose 5*y - 51 = -3*h - 13, -2*h = -4*y - 18. What are the prime factors of h?
11
Let d(v) = v + 61. What are the prime factors of d(0)?
61
What are the prime factors of (-2)/7 - (185/(-35) - -1)?
2
Let i(h) = -h - 4. Let g be i(5). Let r = g - -13. Suppose -m = -5*y - r*m + 72, -44 = -4*y + m. List the prime factors of y.
2, 3
Let l(r) = -2*r**3 - 2*r**2 - 2*r - 3. Let x(d) = -5 - d + 5 + 3. Let b be x(5). What are the prime factors of l(b)?
3
Let q = -33 - -71. What are the prime factors of q?
2, 19
Suppose 4*h - 9*h + 32 = w, 0 = 3*w + 4*h - 107. What are the prime factors of w?
37
Let b = -8 + 3. Let t = b + -5. Let o = t - -17. What are the prime factors of o?
7
Let x = -4 - -9. Suppose -1 = z - 3*p, x*z - 5*p = -p + 28. What are the prime factors of z?
2
Let y be (-20)/(1 - 5/3). Suppose b - y = -b. What are the prime factors of b?
3, 5
Suppose -3*z = -3*c - z + 305, -5*c = 4*z - 545. What are the prime factors of (-14)/(-6)*c/7?
5, 7
Suppose 0 = -5*x, -3*x - 76 = -l - 5. List the prime factors of l.
71
Suppose 10*f = 15*f. Suppose -2*p = -2*h - 12, 2*p + f*h - 27 = -h. What are the prime factors of p?
11
Let b = 64 + -25. What are the prime factors of b?
3, 13
Suppose -11*d + 84 = -15*d. Let b(k) = k**3 - 4*k**2 - 6*k - 7. Let c be b(5). Let u = c - d. What are the prime factors of u?
3
Let m be (0 + 1 - -2) + -2. Let s be ((-1)/(-1))/(m/9). Suppose g - n - s = 0, -5*g + n = 5*n - 45. What are the prime factors of g?
3
Let v = 20 + -2. What are the prime factors of v?
2, 3
Suppose 0 = 2*w + w - 12. Let l be ((-2)/(-4))/(w/192). Suppose 2*x = -y + l, -6*y + y = -3*x + 49. What are the prime factors of x?
13
Let x = -22 - -9. Let f = 19 + x. What are the prime factors of f?
2, 3
Suppose -x - 4*l - 45 = 0, -2*x = -7*x + 2*l - 291. Let y = -36 - x. What are the prime factors of y?
3, 7
Let z(k) = k**3 - 6*k**2 - 7*k - 2. Let p be z(8). Suppose -5*x + p = 5*i, 0 = -4*x - i + 36 + 8. What are the prime factors of x?
2, 5
Suppose 0 = 3*i - 2*t + 22, -3*i = 2*t + t + 12. What are the prime factors of -34*(0 + 3/i)?
17
Suppose 15 = 5*n + 5. Suppose 18 = 3*g + 3*i - 5*i, -n*i + 10 = 4*g. What are the prime factors of g?
2
List the prime factors of (-2)/(-3)*(-1 + 67).
2, 11
Suppose 0*t = 3*x - 3*t + 15, 0 = 3*x + 3*t - 9. What are the prime factors of (2 - 81/3)*x?
5
Let g(j) = -j**3 + 4*j**2 - j. Let r be g(2). Suppose -3*q = -2*l - 2*l + 21, 2*q + 5*l - 9 = 0. Let h = r + q. List the prime factors of h.
3
Suppose -b + 2*b - 25 = -i, -131 = -5*b - 2*i. Let j = b - 16. List the prime factors of j.
11
List the prime factors of 474/24 - 2/(-8).
2, 5
Let r = 9 - 3. What are the prime factors of ((-18)/(-4) + -3)*r?
3
Let r be 6/(2*(-2)/(-6)). Let j be 38/r - (-8)/(-36). Suppose d = j*d + 4*m - 13, d = -3*m + 6. List the prime factors of d.
3
Let n = -24 - -171. List the prime factors of n.
3, 7
Let h be 2 - -5*(1 + -2). List the prime factors of (3/(-4))/(h/24).
2, 3
Suppose 3*u = 4*u - 48. What are the prime factors of u?
2, 3
Suppose -3*d - 6 = -5*d. Suppose 0 = -2*g - 4*l - 8, -3*l = 3*g + 2*l + 8. Suppose 3*o = g*x + 20, 0 = -o + 2*o + d*x - 11. What are the prime factors of o?
2
Suppose -5*c + 9*q - 5*q = -1032, q = -3*c + 626. List the prime factors of c.
2, 13
What are the prime factors of (-19)/(-38)*(95 + (0 - -1))?
2, 3
Suppose q - 5 - 21 = 0. What are the prime factors of (-2)/((-4)/q) - 1?
2, 3
Suppose -5*s + 5